2 + 5*k + 5. Let f be h(-5). Let u(l) = -f*l**2 + 0*l + 8 - l**n - 4*l - 9. Determine u(-4).
-1
Let g(z) = z**2 + 6*z + 2 + 11*z - 2*z**2 - 12*z. Let y = 11 + -1. Let n = -5 + y. Calculate g(n).
2
Suppose 9*z = 50 - 5. Let p(b) = -z - 5 + 19 - 2*b - 7. Give p(5).
-8
Let h(s) be the second derivative of 0 - s - s**3 + 7/2*s**2 - 1/12*s**4. Let d be (-2)/(24/(-42))*-2. Determine h(d).
0
Suppose 5 = z + 5*j - 5, 3*z + 3*j = 6. Let n = -1 + z. Let h(m) = -9*m - 1. Determine h(n).
8
Let h(n) = 4*n**2 - 12*n + 1. Let r(o) = o**2 - 4*o. Let p(g) = -2*h(g) + 7*r(g). Suppose -5 = -8*s + 11. Suppose s*m - 6 = 4*m. Calculate p(m).
1
Let w = 166 + -167. Let l(o) = 11*o**2 - o. What is l(w)?
12
Let q(m) = 2*m + 6. Let a be (-2 + 3)*-5 + (-36 - -34). Determine q(a).
-8
Let t be (-5)/(-1) + 250/(-25). Let j(l) = -2*l**2 - 6*l - 4. Give j(t).
-24
Let m(f) = f + 0*f - 22 - 1 + 12. Give m(0).
-11
Let t(p) = 4*p**2 - 2*p + 1. Suppose -2*b + a - 6 = 3*a, 5*a = -20. What is t(b)?
3
Let o(a) = -a**2 + 4*a + 1. Suppose 0 = -4*p + 5*j - 27, -2*j - 10 = -3*p - 25. What is o(p)?
-20
Let y(u) = -138*u + 6. Let h(r) = -167*r + 7. Let m(s) = 5*h(s) - 6*y(s). Suppose -3*k = z - 4 - 5, 0 = 4*z. Suppose -k*n = 4 - 1. What is m(n)?
6
Let s(f) = -17*f + 18*f + 14 - 11 + 18. Let z be s(-14). Let a(v) = -3*v - 1. Give a(z).
-22
Let x(u) = -6*u - 2 - u**2 - 3*u**2 + 0*u + 4 + u**3. Suppose -21*d + 95 + 10 = 0. Calculate x(d).
-3
Let h(p) = 7*p + 8. Let i be ((-28)/4)/7*2 - 4. Calculate h(i).
-34
Let k(p) be the second derivative of -p**5/60 + p**4/4 + p**3 - 3*p**2 + 28*p. Let l(t) be the first derivative of k(t). What is l(6)?
6
Let z be -2*-1*(-28)/(-8). Let s(p) = p**2 - 6*p + 1. Calculate s(z).
8
Let b = -93 + 93. Let s(m) = -4*m + b*m**2 - 186 + 192 - m**2. Suppose 6*k - 3*k = 4*f - 35, 2*f - 15 = k. What is s(k)?
1
Let g(j) be the second derivative of -j**7/180 - j**6/720 + j**5/120 + j**4/6 - 14*j. Let d(b) be the third derivative of g(b). Calculate d(1).
-14
Suppose 27*c = 78 + 3. Let v(g) be the second derivative of 0 + 0*g**2 - g + 1/3*g**c. Calculate v(-2).
-4
Let w(p) = -3*p - 3*p + 7*p. Suppose -44*q = -43*q. Give w(q).
0
Let a(m) = m**2 + 11*m + 8. Suppose -4 = y - 2, y + 38 = -4*w. What is a(w)?
-10
Let c be ((-98)/1029)/((-3)/(-21) - 3). Let k(v) be the third derivative of 1/120*v**6 + 0 - c*v**5 - 1/24*v**4 - 13*v**2 - 1/6*v**3 + 0*v. What is k(3)?
5
Let m = 169 - 175. Let x(s) = 0 + 2*s + 0. Calculate x(m).
-12
Suppose -12*f = -11*f - 35. Let d(s) = -s - f - 39 + 73. Determine d(-3).
2
Suppose -g + 4*x + 30 = 0, 4*x + 7 + 37 = 2*g. Let i(k) = k**3 - 4*k + 12 - 15 - g + 5*k. What is i(0)?
-17
Let v = -169 + 165. Let h(a) = a**3 + 4*a**2 + a + 2. Give h(v).
-2
Suppose -5*u - k = -15, 5*u = 2*k - 1 + 16. Let a(x) = 2*x - 15*x**2 + 12*x**2 - 2 - 4*x + x - x**u. Calculate a(-3).
1
Let s(f) be the second derivative of f**4/12 - f**2/2 + 239*f. Calculate s(2).
3
Let n be 1 - (3 + (-3 - 2)). Let x(s) = s**3 + 0*s - 3 - n*s + 4*s**2 - 1. Suppose 5*y + 3*k + 14 = 0, 2*y + 5*k - 2 = -0*y. Give x(y).
8
Let q(h) be the second derivative of -1/3*h**3 - 22 + 2*h + 5/2*h**2. What is q(4)?
-3
Let p(f) = -f - 1. Let w = -14 - -27. Suppose -a = -5*a - 5*n - 13, w = a - 2*n. Suppose 4*k + 17 = 3*j, a*k = -3*j - 11 - 7. Determine p(k).
4
Let h(m) = -m**2 - 7*m - 3. Suppose -2 = -2*s + 6. Let g = s + 1. Suppose 4*z + 3*n + 7 = 2*z, -5 = -g*n. Determine h(z).
7
Let j(a) = -a**3 + 11*a**2 + 14*a - 5. Suppose -21 = -2*t - 23, -7 = -n - 5*t. What is j(n)?
19
Let u(k) = k**2 - 7*k - 3. Suppose -137*y = -139*y + 10. What is u(y)?
-13
Let q(x) = 4*x - 4 + 2 + 1 + 8*x - 22*x. Determine q(-1).
9
Let o(w) be the first derivative of -w**4/4 + 7*w**3/3 + 11*w**2/2 - 19*w - 531. Calculate o(8).
5
Let y(g) = g - 2 + 7*g + g + 24 - 8*g. Calculate y(-12).
10
Let a(r) = 34*r - 19. Let v(w) = -24*w + 18. Let h(u) = -3*a(u) - 4*v(u). What is h(-9)?
39
Let j(p) = 17*p + p - 19*p - 4. Determine j(-9).
5
Suppose -2*o + 1 = -o. Let z(y) = -8*y + 6. Let h(g) = 294*g - 224. Let r(v) = -3*h(v) - 112*z(v). What is r(o)?
14
Let z(g) = -2*g**2 - 3*g + 3. Let a = 115 + -106. Suppose a*w - 11*w = 6. Give z(w).
-6
Let l(k) be the second derivative of 7*k**4/12 - 2*k**3 + 7*k**2/2 - 4*k. Let z(t) = 11*t**2 - 18*t + 10. Let v(p) = 8*l(p) - 5*z(p). Determine v(4).
-2
Let o(l) = 2*l**2 - 4*l - 10. Let x(g) = -g**2 + 5*g + 9. Let a = 26 - 29. Let j(c) = a*x(c) - 2*o(c). Calculate j(-5).
3
Let o(v) = 3*v + 1. Let u(l) be the second derivative of 5*l**3/6 + l**2 + 11*l - 1. Let q be (1 - 0)/((-1)/11). Let r(c) = q*o(c) + 6*u(c). What is r(2)?
-5
Let f = -6 - -3. Suppose 2*u + 7 = u. Let v(s) = -3*s + 16. Let m(p) = p - 5. Let g(a) = u*m(a) - 2*v(a). Determine g(f).
6
Let x = -21 + 24. Let t(i) = -3 + 7*i**2 + i**3 + 5*i**3 - i**2 + x*i - 5*i**3. What is t(-5)?
7
Let j(i) = i - 5. Let t = -15 - -18. Let c(a) = t - 2*a + 2*a - a + 2*a. Let p be c(-3). What is j(p)?
-5
Let l(x) = x**3 - 24*x + 6. Let b be l(-5). Let m(w) = -8*w - 1. Give m(b).
-9
Let p(t) = -20*t**3 - 4*t**2 + 2*t - 20. Let b(z) = 9*z**3 + z**2 - z + 10. Let r(d) = -9*b(d) - 4*p(d). What is r(7)?
-3
Let l(z) = z**3 + z**2 - z - 13. Let f(o) = -o**2 - 8*o + 10. Let q be f(4). Let w = q - -38. Calculate l(w).
-13
Let j(m) = -m**3 + 6*m**2 - m. Let r be (372/4)/3 + 4. Suppose -5*q = -5*a + r, -q + 4 = 2*a - 7. Calculate j(a).
-6
Let t(l) = -4*l**2 + 2*l + 1. Let v = -14 + 15. Let i be 6/v*3/9. Calculate t(i).
-11
Suppose 22*b + 15 + 29 = 0. Let g(f) = 15*f + 2. Determine g(b).
-28
Let r(p) = p**3 + 9*p**2 + 9*p + 5. Let y be (-5)/(-1)*6/6. Suppose -4*b - 6*i + y*i - 36 = 0, i + 4 = 0. Calculate r(b).
-3
Let y(f) = -4*f - 8. Suppose -5*a + 4*s = 50, -20 = 2*a - 3*s + 2*s. Let b be (-4)/a - (104/10 - 4). Calculate y(b).
16
Let u(d) = d - 11*d**3 - 2*d + 3*d - 1 + 8*d**3. Let m(c) = 4*c**3 - c. Let v(f) = 2*m(f) + 3*u(f). Suppose -10 = -4*w + l, 2*w + 4*l = -2*w. Give v(w).
-3
Let r(f) = -2*f. Let m(z) = -9*z**2 - 16*z + 2. Let d be m(-2). Determine r(d).
4
Let i(l) = 5*l**3 - l**2 - 16*l + 13. Let t(r) = r**3 + r**2 - 2*r - 1. Let g(u) = -i(u) + 6*t(u). Give g(-6).
-7
Let c(o) = o**3 + 2 - o + 9*o**2 - 1 + 9*o. Let p be -2 - (-15)/8 - 4221/536. Give c(p).
1
Let a(n) = 4*n**2 - n + 1. Let d(q) = -q**2 - 9*q - 12. Let h be d(-6). Let i = h - 4. Suppose -6 = -4*x - i. Give a(x).
4
Let f(d) = 5*d**2 - 3*d - 3. Let x be f(-1). Let q(h) = h**3 - 5*h**2 - 6*h. Calculate q(x).
-30
Let w(g) be the second derivative of -g**4/12 - 4*g**3/3 - 43*g**2/2 - 22*g. Let o(a) be the first derivative of w(a). What is o(6)?
-20
Let a(l) = -l**3 + 11*l**2 - 8*l - 11. Let v be a(10). Suppose -v*r + r = -16. Let o be r*(3/(-3) - 1). Let u(f) = f**2 + 3*f - 3. Determine u(o).
1
Let n(i) = -58*i - 2. Let v be n(-3). Let d(z) = -2 - v*z - 7 + 174*z. Let q = 24 - 17. Determine d(q).
5
Let j(x) = x**3 - 4*x**2 + x + 4. Suppose 34 = 2*i - 2*o - 0, 3*i + o - 67 = 0. Suppose 2*r = 2*l + 5*r - 45, -l - r = -i. Let f = l - 15. Give j(f).
-2
Let n(y) = -14*y - 161 + 81 + 80. Determine n(1).
-14
Let q(x) = 23*x**3 + 5*x**2 - 14*x + 9. Let r(n) = 8*n**3 + 2*n**2 - 5*n + 3. Let k(o) = -6*q(o) + 17*r(o). Let w be 86/30 - ((-62)/15 - -4). Give k(w).
-24
Let f = 68 + -68. Let i(x) = -15 + 12 + x**2 + f*x**2 - x. Suppose -2 - 6 = -2*z. Give i(z).
9
Let m be 2 + ((-2)/(-6) - 114/(-9)). Let z(t) = -t**3 + 15*t**2 - 6. Calculate z(m).
-6
Let z(x) = x**3 - 16688*x - 3 + 7*x**2 + 16697*x - 3. Determine z(-5).
-1
Let l(y) = 5 - 12 + y + 6. Let s(t) = 4*t - 6. Let a(x) = -5*l(x) + s(x). Let j be (1 + 4 + -9)/(-1). Determine a(j).
-5
Let o(h) = h + 3. Suppose 226 = 5*x - 19. Suppose -26*k + 33*k + x = 0. Determine o(k).
-4
Let x(k) = -3*k - 8. Let j(b) = b**2 + 3*b - 9. Let z be j(-4). Give x(z).
7
Let a(c) = -10*c + 4 - 11 - 3 + c**2. Let x be a(11). Let m(d) = -d - 3*d + 3*d + 2*d - x - 9*d**2. What is m(1)?
-9
Let l(c) = -2*c**2 + c. Let y be 8*(-8)/(-3) - 36/108. Suppose -3*u + 6 = v, -2*u - 3*u + y = -2*v. Determine l(v).
-21
Let c(l) = -2*l. Let d = 41 - 49. Let f be (-3 + d/(-3))/((-3)/36). What is c(f)?
-8
Let b(f) = 2*f - 3. Let i = 94 + -98. What is b(i)?
-11
Let o(a) be the first derivative of a**3/3 - 7*a**2/2 + 14*a - 383. Determine o(4).
2
Suppose -43*g + 53*g = -110. Let k(m) = -m**3 - 12*m**